ds digit of 2815891?
8
What is the ten thousands digit of 31488?
3
What is the units digit of 1174562?
2
What is the tens digit of 48722?
2
What is the hundred thousands digit of 2431006?
4
What is the hundreds digit of 2578401?
4
What is the thousands digit of 24721?
4
What is the units digit of 29395248?
8
What is the ten thousands digit of 346963?
4
What is the millions digit of 1492986?
1
What is the ten thousands digit of 218530?
1
What is the ten thousands digit of 166505?
6
What is the thousands digit of 943858?
3
What is the units digit of 1728723?
3
What is the units digit of 2436626?
6
What is the ten thousands digit of 618783?
1
What is the hundred thousands digit of 28752847?
7
What is the thousands digit of 1140821?
0
What is the tens digit of 32690616?
1
What is the ten thousands digit of 132117?
3
What is the thousands digit of 627703?
7
What is the hundreds digit of 1521091?
0
What is the units digit of 1695803?
3
What is the thousands digit of 166625?
6
What is the thousands digit of 481714?
1
What is the thousands digit of 24252868?
2
What is the hundred thousands digit of 252356?
2
What is the hundreds digit of 658984?
9
What is the millions digit of 5051504?
5
What is the thousands digit of 664624?
4
What is the hundreds digit of 407234?
2
What is the tens digit of 342956?
5
What is the units digit of 13711980?
0
What is the hundreds digit of 138262?
2
What is the hundred thousands digit of 5795355?
7
What is the tens digit of 70125?
2
What is the units digit of 576544?
4
What is the tens digit of 396596?
9
What is the thousands digit of 1542314?
2
What is the hundreds digit of 9180134?
1
What is the thousands digit of 4959968?
9
What is the ten thousands digit of 360801?
6
What is the tens digit of 1567077?
7
What is the tens digit of 21068?
6
What is the hundred thousands digit of 7975749?
9
What is the hundred thousands digit of 12275483?
2
What is the hundreds digit of 21551825?
8
What is the hundred thousands digit of 426936?
4
What is the hundreds digit of 2376498?
4
What is the thousands digit of 41111752?
1
What is the tens digit of 1085251?
5
What is the thousands digit of 14367642?
7
What is the hundred thousands digit of 8603878?
6
What is the tens digit of 263932?
3
What is the units digit of 2259697?
7
What is the hundreds digit of 868413?
4
What is the tens digit of 227331?
3
What is the hundred thousands digit of 157797?
1
What is the hundreds digit of 380884?
8
What is the millions digit of 15761455?
5
What is the units digit of 3048289?
9
What is the millions digit of 14036723?
4
What is the units digit of 209220?
0
What is the units digit of 4521014?
4
What is the units digit of 4756179?
9
What is the thousands digit of 84789?
4
What is the hundreds digit of 25898?
8
What is the millions digit of 8871484?
8
What is the ten thousands digit of 1903954?
0
What is the tens digit of 2381065?
6
What is the ten millions digit of 17386132?
1
What is the tens digit of 475707?
0
What is the ten thousands digit of 3287641?
8
What is the hundred thousands digit of 1890849?
8
What is the hundreds digit of 215901?
9
What is the units digit of 1548906?
6
What is the ten thousands digit of 237961?
3
What is the hundred thousands digit of 2806336?
8
What is the tens digit of 1108438?
3
What is the units digit of 457609?
9
What is the thousands digit of 483043?
3
What is the tens digit of 405923?
2
What is the units digit of 30252?
2
What is the thousands digit of 2330996?
0
What is the millions digit of 5907575?
5
What is the ten thousands digit of 667639?
6
What is the units digit of 1892223?
3
What is the ten thousands digit of 3265316?
6
What is the units digit of 9965402?
2
What is the thousands digit of 1580552?
0
What is the millions digit of 5456330?
5
What is the hundreds digit of 5337822?
8
What is the ten thousands digit of 349926?
4
What is the thousands digit of 3371669?
1
What is the millions digit of 8054383?
8
What is the millions digit of 1249030?
1
What is the tens digit of 5620803?
0
What is the units digit of 7416457?
7
What is the hundred thousands digit of 745449?
7
What is the units digit of 231475?
5
What is the tens digit of 72947?
4
What is the units digit of 555833?
3
What is the thousands digit of 479040?
9
What is the units digit of 9192691?
1
What is the units digit of 250122?
2
What is the hundreds digit of 88642?
6
What is the thousands digit of 12944506?
4
What is the units digit of 12987922?
2
What is the hundreds digit of 756673?
6
What is the hundreds digit of 3420230?
2
What is the ten thousands digit of 1331937?
3
What is the tens digit of 2313109?
0
What is the units digit of 1239880?
0
What is the hundred thousands digit of 1800618?
8
What is the hundred thousands digit of 3767365?
7
What is the ten thousands digit of 83316?
8
What is the tens digit of 451430?
3
What is the ten thousands digit of 545769?
4
What is the tens digit of 185711?
1
What is the tens digit of 514615?
1
What is the ten thousands digit of 5670649?
7
What is the hundreds digit of 81799?
7
What is the tens digit of 509103?
0
What is the units digit of 7141805?
5
What is the ten thousands digit of 14385822?
8
What is the ten thousands digit of 6525607?
2
What is the hundred thousands digit of 7459431?
4
What is the ten thousands digit of 123950?
2
What is the millions digit of 4086952?
4
What is the ten thousands digit of 1446334?
4
What is the tens digit of 2743351?
5
What is the tens digit of 51730?
3
What is the hundreds digit of 742086?
0
What is the hundred thousands digit of 876069?
8
What is the hundreds digit of 194181?
1
What is the tens digit of 852578?
7
What is the tens digit of 3474040?
4
What is the hundred thousands digit of 252064?
2
What is the tens digit of 159593?
9
What is the thousands digit of 1645179?
5
What is the hundred thousands digit of 20204531?
2
What is the units digit of 28672929?
9
What is the thousands digit of 5242826?
2
What is the hundreds digit of 3882221?
2
What is the thousands digit of 157908?
7
What is the units digit of 13247025?
5
What is the ten thousands digit of 2497364?
9
What is the hundreds digit of 1038042?
0
What is the units digit of 492584?
4
What is the hundreds digit of 8132653?
6
What is the units digit of 13953879?
9
What is the tens digit of 10638073?
7
What is the hundreds digit of 101755?
7
What is the tens digit of 381968?
6
What is the ten thousands digit of 56290?
5
What is the hundred thousands digit of 1180759?
1
What is the units digit of 8046?
6
What is the units digit of 621656?
6
What is the hundreds digit of 7988874?
8
What is the units digit of 850106?
6
What is the ten thousands digit of 642502?
4
What is the tens digit of 605390?
9
What is the tens digit of 928792?
9
What is the hundred thousands digit of 345081?
3
What is the thousands digit of 5452255?
2
What is the tens digit of 31823?
2
What is the tens digit of 476512?
1
What is the millions digit of 9750673?
9
What is the tens digit of 306023?
2
What is the thousands digit of 8754942?
4
What is the hundreds digit of 1521877?
8
What is the tens digit of 237607?
0
What is the hundred thousands digit of 664409?
6
What is the units digit of 16931836?
6
What is the hundreds digit of 219382?
3
What is the hundred thousands digit of 357602?
3
What is the millions digit of 2430654?
2
What is the millions digit of 7660158?
7
What is the ten thousands digit of 12241359?
4
What is the ten thousands digit of 140495?
4
What is the units digit of 18747511?
1
What is the ten thousands digit of 86179?
8
What is the tens digit of 702441?
4
What is the hundreds digit of 808147?
1
What is the hundreds digit of 29487?
4
What is the thousands digit of 23721?
3
What is the tens digit of 12140147?
4
What is the ten thousands digit of 6438464?
3
What is the ten thousands digit of 6383410?
8
What is the ten thousands digit of 1425453?
2
What is the hundred thousands digit of 112123?
1
What is the millions digit of 34737941?
4
What is the hundred thousands digit of 498418?
4
What is the hundred thousands digit of 542264?
5
What is the thousands digit of 75380?
5
What is the millions digit of 1129231?
1
What is the tens digit of 175631?
3
What is the units digit of 328987?
7
What is the thousands digit of 16